{"id":2245,"date":"2019-03-25T16:30:34","date_gmt":"2019-03-25T15:30:34","guid":{"rendered":"https:\/\/apps.gloria.hr\/trazim\/?page_id=2245"},"modified":"2019-03-26T19:55:19","modified_gmt":"2019-03-26T18:55:19","slug":"standardna-dijabeticka-dijeta-sa-sest-obroka-dnevno","status":"publish","type":"page","link":"https:\/\/apps.gloria.hr\/trazim\/standardna-dijabeticka-dijeta-sa-sest-obroka-dnevno\/","title":{"rendered":"Standardna dijabeti\u010dka dijeta sa \u0161est obroka dnevno"},"content":{"rendered":"<p>Izvor: dr. Ratimir Kova\u010devi\u0107 i suradnici, Priru\u010dnik dijetalne prehrane, Izdava\u010d Hrvatska dijabeti\u010dka udruga Klinika &#8220;Vuk Vrhovac&#8221;, Zagreb, 1994.<\/p>\n<p>Energetska vrijednost dijeta od 4200 KJ (1000 Kcal) do 11340 KJ (2700 Kcal)<\/p>\n<div class=\"table-responsive\">\n<table class=\"table table-striped table-hover\" border=\"0\">\n<thead class=\"thead-dark\">\n<tr>\n<th>Dnevni obrok<\/th>\n<th>Skupina namirnica<\/th>\n<th colspan=\"9\">Energetska vrijednost dijete<\/th>\n<\/tr>\n<\/thead>\n<tbody>\n<tr class=\"bg-darkgray\">\n<td><\/td>\n<td>u KJ<\/td>\n<td>4200<\/td>\n<td>5450<\/td>\n<td>6300<\/td>\n<td>7140<\/td>\n<td>7900<\/td>\n<td>8820<\/td>\n<td>9650<\/td>\n<td>10500<\/td>\n<td>11340<\/td>\n<\/tr>\n<tr class=\"bg-darkgray\">\n<td><\/td>\n<td>u Kcal<\/td>\n<td>1000<\/td>\n<td>1300<\/td>\n<td>1500<\/td>\n<td>1700<\/td>\n<td>1900<\/td>\n<td>2100<\/td>\n<td>2300<\/td>\n<td>2500<\/td>\n<td>2700<\/td>\n<\/tr>\n<tr>\n<td colspan=\"2\"><\/td>\n<td colspan=\"9\">Broj jedinica skupina namirnica po obroku<\/td>\n<\/tr>\n<tr>\n<td class=\"bg-gray\" colspan=\"11\"><strong>Zajutrak:<\/strong><\/td>\n<\/tr>\n<tr>\n<td><\/td>\n<td>Mlijeko i zamjene<\/td>\n<td>1<\/td>\n<td>1<\/td>\n<td>1<\/td>\n<td>1<\/td>\n<td>1<\/td>\n<td>1<\/td>\n<td>1<\/td>\n<td>1<\/td>\n<td>1<\/td>\n<\/tr>\n<tr>\n<td><\/td>\n<td>Kruh i zamjene<\/td>\n<td>1<\/td>\n<td>2<\/td>\n<td>2<\/td>\n<td>2<\/td>\n<td>2<\/td>\n<td>2<\/td>\n<td>2<\/td>\n<td>2<\/td>\n<td>2<\/td>\n<\/tr>\n<tr>\n<td><\/td>\n<td>Meso I i zamjene<\/td>\n<td>0<\/td>\n<td>1<\/td>\n<td>1<\/td>\n<td>0<\/td>\n<td>0<\/td>\n<td>0<\/td>\n<td>0<\/td>\n<td>0<\/td>\n<td>2<\/td>\n<\/tr>\n<tr>\n<td><\/td>\n<td>Meso II i zamjene<\/td>\n<td>0<\/td>\n<td>0<\/td>\n<td>0<\/td>\n<td>1<\/td>\n<td>2<\/td>\n<td>2<\/td>\n<td>2<\/td>\n<td>2<\/td>\n<td>0<\/td>\n<\/tr>\n<tr>\n<td><\/td>\n<td>Masno\u0107e i zamjene<\/td>\n<td>0<\/td>\n<td>0<\/td>\n<td>0<\/td>\n<td>0<\/td>\n<td>1<\/td>\n<td>1<\/td>\n<td>1<\/td>\n<td>1<\/td>\n<td>2<\/td>\n<\/tr>\n<tr>\n<td class=\"bg-gray\" colspan=\"11\"><strong>Doru\u010dak:<\/strong><\/td>\n<\/tr>\n<tr>\n<td><\/td>\n<td>Kruh i zamjene<\/td>\n<td>0<\/td>\n<td>0<\/td>\n<td>1<\/td>\n<td>1<\/td>\n<td>1<\/td>\n<td>1<\/td>\n<td>1<\/td>\n<td>2<\/td>\n<td>2<\/td>\n<\/tr>\n<tr>\n<td><\/td>\n<td>Meso II i zamjene<\/td>\n<td>0<\/td>\n<td>0<\/td>\n<td>0<\/td>\n<td>0<\/td>\n<td>0<\/td>\n<td>1<\/td>\n<td>1<\/td>\n<td>1<\/td>\n<td>1<\/td>\n<\/tr>\n<tr>\n<td><\/td>\n<td>Masno\u0107e i zamjene<\/td>\n<td>0<\/td>\n<td>0<\/td>\n<td>0<\/td>\n<td>0<\/td>\n<td>0<\/td>\n<td>0<\/td>\n<td>1<\/td>\n<td>1<\/td>\n<td>1<\/td>\n<\/tr>\n<tr>\n<td><\/td>\n<td>Vo\u0107e<\/td>\n<td>1<\/td>\n<td>1<\/td>\n<td>1<\/td>\n<td>1<\/td>\n<td>2<\/td>\n<td>2<\/td>\n<td>2<\/td>\n<td>2<\/td>\n<td>2<\/td>\n<\/tr>\n<tr>\n<td class=\"bg-gray\" colspan=\"11\"><strong>Ru\u010dak:<\/strong><\/td>\n<\/tr>\n<tr>\n<td><\/td>\n<td>Povr\u0107e<\/td>\n<td>2<\/td>\n<td>2<\/td>\n<td>2<\/td>\n<td>2<\/td>\n<td>2<\/td>\n<td>2<\/td>\n<td>2<\/td>\n<td>2<\/td>\n<td>2<\/td>\n<\/tr>\n<tr>\n<td><\/td>\n<td>Kruh i zamjene<\/td>\n<td>1<\/td>\n<td>2<\/td>\n<td>2<\/td>\n<td>2<\/td>\n<td>2<\/td>\n<td>2<\/td>\n<td>3<\/td>\n<td>3<\/td>\n<td>3<\/td>\n<\/tr>\n<tr>\n<td><\/td>\n<td>Meso I i zamjene<\/td>\n<td>2<\/td>\n<td>2<\/td>\n<td>2<\/td>\n<td>2<\/td>\n<td>2<\/td>\n<td>2<\/td>\n<td>2<\/td>\n<td>2<\/td>\n<td>2<\/td>\n<\/tr>\n<tr>\n<td><\/td>\n<td>Masno\u0107e i zamjene<\/td>\n<td>2<\/td>\n<td>2<\/td>\n<td>2<\/td>\n<td>2<\/td>\n<td>2<\/td>\n<td>2<\/td>\n<td>2<\/td>\n<td>2<\/td>\n<td>2<\/td>\n<\/tr>\n<tr>\n<td><\/td>\n<td>Vo\u0107e<\/td>\n<td>1<\/td>\n<td>1<\/td>\n<td>1<\/td>\n<td>1<\/td>\n<td>1<\/td>\n<td>1<\/td>\n<td>1<\/td>\n<td>1<\/td>\n<td>1<\/td>\n<\/tr>\n<tr>\n<td class=\"bg-gray\" colspan=\"11\"><strong>U\u017eina:<\/strong><\/td>\n<\/tr>\n<tr>\n<td><\/td>\n<td>Kruh i zamjene<\/td>\n<td>0<\/td>\n<td>0<\/td>\n<td>0<\/td>\n<td>1<\/td>\n<td>1<\/td>\n<td>1<\/td>\n<td>1<\/td>\n<td>1<\/td>\n<td>2<\/td>\n<\/tr>\n<tr>\n<td><\/td>\n<td>Meso I i zamjene<\/td>\n<td>0<\/td>\n<td>0<\/td>\n<td>0<\/td>\n<td>0<\/td>\n<td>0<\/td>\n<td>0<\/td>\n<td>1<\/td>\n<td>0<\/td>\n<td>0<\/td>\n<\/tr>\n<tr>\n<td><\/td>\n<td>Meso II i zamjene<\/td>\n<td>0<\/td>\n<td>0<\/td>\n<td>0<\/td>\n<td>1<\/td>\n<td>1<\/td>\n<td>1<\/td>\n<td>1<\/td>\n<td>1<\/td>\n<td>2<\/td>\n<\/tr>\n<tr>\n<td><\/td>\n<td>Masno\u0107e i zamjene<\/td>\n<td>0<\/td>\n<td>0<\/td>\n<td>0<\/td>\n<td>0<\/td>\n<td>0<\/td>\n<td>1<\/td>\n<td>1<\/td>\n<td>1<\/td>\n<td>1<\/td>\n<\/tr>\n<tr>\n<td><\/td>\n<td>Vo\u0107e<\/td>\n<td>1<\/td>\n<td>1<\/td>\n<td>1<\/td>\n<td>1<\/td>\n<td>2<\/td>\n<td>2<\/td>\n<td>2<\/td>\n<td>2<\/td>\n<td>2<\/td>\n<\/tr>\n<tr>\n<td class=\"bg-gray\" colspan=\"11\"><strong>Ve\u010dera:<\/strong><\/td>\n<\/tr>\n<tr>\n<td><\/td>\n<td>Povr\u0107e<\/td>\n<td>1<\/td>\n<td>1<\/td>\n<td>1<\/td>\n<td>1<\/td>\n<td>1<\/td>\n<td>2<\/td>\n<td>2<\/td>\n<td>2<\/td>\n<td>2<\/td>\n<\/tr>\n<tr>\n<td><\/td>\n<td>Kruh i zamjene<\/td>\n<td>1<\/td>\n<td>2<\/td>\n<td>2<\/td>\n<td>2<\/td>\n<td>2<\/td>\n<td>2<\/td>\n<td>3<\/td>\n<td>3<\/td>\n<td>3<\/td>\n<\/tr>\n<tr>\n<td><\/td>\n<td>Meso I i zamjene<\/td>\n<td>2<\/td>\n<td>2<\/td>\n<td>2<\/td>\n<td>2<\/td>\n<td>2<\/td>\n<td>2<\/td>\n<td>2<\/td>\n<td>2<\/td>\n<td>2<\/td>\n<\/tr>\n<tr>\n<td><\/td>\n<td>Masno\u0107e i zamjene<\/td>\n<td>1<\/td>\n<td>2<\/td>\n<td>2<\/td>\n<td>2<\/td>\n<td>2<\/td>\n<td>2<\/td>\n<td>2<\/td>\n<td>2<\/td>\n<td>2<\/td>\n<\/tr>\n<tr>\n<td><\/td>\n<td>Vo\u0107e<\/td>\n<td>0<\/td>\n<td>0<\/td>\n<td>0<\/td>\n<td>0<\/td>\n<td>0<\/td>\n<td>0<\/td>\n<td>0<\/td>\n<td>1<\/td>\n<td>1<\/td>\n<\/tr>\n<tr>\n<td class=\"bg-gray\" colspan=\"11\"><strong>No\u0107ni obrok:<\/strong><\/td>\n<\/tr>\n<tr>\n<td><\/td>\n<td>Mlijeko i zamjene<\/td>\n<td>0<\/td>\n<td>0<\/td>\n<td>1<\/td>\n<td>1<\/td>\n<td>1<\/td>\n<td>1<\/td>\n<td>1<\/td>\n<td>1<\/td>\n<td>1<\/td>\n<\/tr>\n<tr>\n<td><\/td>\n<td>Kruh i zamjene<\/td>\n<td>0<\/td>\n<td>0<\/td>\n<td>0<\/td>\n<td>1<\/td>\n<td>1<\/td>\n<td>1<\/td>\n<td>1<\/td>\n<td>1<\/td>\n<td>1<\/td>\n<\/tr>\n<tr>\n<td><\/td>\n<td>Meso I i zamjene<\/td>\n<td>0<\/td>\n<td>0<\/td>\n<td>0<\/td>\n<td>0<\/td>\n<td>0<\/td>\n<td>0<\/td>\n<td>0<\/td>\n<td>1<\/td>\n<td>0<\/td>\n<\/tr>\n<tr>\n<td><\/td>\n<td>Meso II i zamjene<\/td>\n<td>0<\/td>\n<td>0<\/td>\n<td>0<\/td>\n<td>0<\/td>\n<td>0<\/td>\n<td>0<\/td>\n<td>0<\/td>\n<td>1<\/td>\n<td>1<\/td>\n<\/tr>\n<\/tbody>\n<\/table>\n<\/div>\n<h4>Mjerenje \u017elicama<\/h4>\n<div class=\"table-responsive\">\n<table class=\"table table-striped table-hover\" border=\"0\">\n<thead class=\"thead-dark\">\n<tr>\n<th>Vrsta namirnice<\/th>\n<th>Razom puna velika \u017elica<\/th>\n<th>Vrhom puna velika \u017elica<\/th>\n<th>Razom puna \u010dajna \u017elica<\/th>\n<\/tr>\n<\/thead>\n<tbody>\n<tr>\n<td>Sol<\/td>\n<td>15 g<\/td>\n<td>&#8211;<\/td>\n<td>5<\/td>\n<\/tr>\n<tr>\n<td>Bra\u0161no<\/td>\n<td>10 g<\/td>\n<td>20<\/td>\n<td>5<\/td>\n<\/tr>\n<tr>\n<td>Kru\u0161ne mrvice<\/td>\n<td>10 g<\/td>\n<td>20<\/td>\n<td>&#8211;<\/td>\n<\/tr>\n<tr>\n<td>\u0160krobno bra\u0161no (Gustin)<\/td>\n<td>10 g<\/td>\n<td>15 &#8211; 20<\/td>\n<td>3 g<\/td>\n<\/tr>\n<tr>\n<td>Kukuruzna krupica<\/td>\n<td>15 g<\/td>\n<td>20<\/td>\n<td>6<\/td>\n<\/tr>\n<tr>\n<td>Ri\u017ea<\/td>\n<td>15 g<\/td>\n<td>20<\/td>\n<td>5<\/td>\n<\/tr>\n<tr>\n<td>Ulje<\/td>\n<td>10 g<\/td>\n<td>&#8211;<\/td>\n<td>5<\/td>\n<\/tr>\n<\/tbody>\n<\/table>\n<\/div>\n<h4>Mjerenje teku\u0107ine<\/h4>\n<p><strong>1 \u0161alica = 2,5 dl<\/strong><br \/>\n<strong>1 velika \u017elica = 15 ml<\/strong><br \/>\n<strong>1 \u010dajna \u017elica = 5 ml<\/strong><\/p>\n<h4>Energetska vrijednost sastojaka hrane<\/h4>\n<p><strong>1 g bjelan\u010devina = 4 Kcal x 4,2 = 16,8 KJ<\/strong><br \/>\n<strong>1 g ugljikohidrata = 4 Kcal x 4,2 = 16,8 KJ<\/strong><br \/>\n<strong>1 g masti = 9 Kcal x 4,2 = 37,8 KJ<\/strong><br \/>\n<strong>1 g \u010distog alkohola = 7 Kcal x 4,2 = 29,4 KJ<\/strong><\/p>\n","protected":false},"excerpt":{"rendered":"Izvor: dr. Ratimir Kova\u010devi\u0107 i suradnici, Priru\u010dnik dijetalne prehrane, Izdava\u010d Hrvatska dijabeti\u010dka udruga Klinika &#8220;Vuk Vrhovac&#8221;, Zagreb, 1994. Energetska vrijednost dijeta od 4200 KJ (1000 Kcal) do 11340 KJ (2700 Kcal) Dnevni obrok Skupina namirnica Energetska vrijednost dijete u KJ 4200 5450 6300 7140 7900 8820 9650 10500 11340 u Kcal 1000 1300 1500 1700&#8230;","protected":false},"author":2,"featured_media":2341,"parent":0,"menu_order":0,"comment_status":"closed","ping_status":"closed","template":"","meta":[],"acf":[],"_links":{"self":[{"href":"https:\/\/apps.gloria.hr\/trazim\/wp-json\/wp\/v2\/pages\/2245"}],"collection":[{"href":"https:\/\/apps.gloria.hr\/trazim\/wp-json\/wp\/v2\/pages"}],"about":[{"href":"https:\/\/apps.gloria.hr\/trazim\/wp-json\/wp\/v2\/types\/page"}],"author":[{"embeddable":true,"href":"https:\/\/apps.gloria.hr\/trazim\/wp-json\/wp\/v2\/users\/2"}],"replies":[{"embeddable":true,"href":"https:\/\/apps.gloria.hr\/trazim\/wp-json\/wp\/v2\/comments?post=2245"}],"version-history":[{"count":0,"href":"https:\/\/apps.gloria.hr\/trazim\/wp-json\/wp\/v2\/pages\/2245\/revisions"}],"wp:featuredmedia":[{"embeddable":true,"href":"https:\/\/apps.gloria.hr\/trazim\/wp-json\/wp\/v2\/media\/2341"}],"wp:attachment":[{"href":"https:\/\/apps.gloria.hr\/trazim\/wp-json\/wp\/v2\/media?parent=2245"}],"curies":[{"name":"wp","href":"https:\/\/api.w.org\/{rel}","templated":true}]}}